{"id":327,"date":"2024-01-18T11:46:00","date_gmt":"2024-01-18T10:46:00","guid":{"rendered":"https:\/\/fucin-erasmusplus.eu\/?page_id=327"},"modified":"2024-05-31T10:14:24","modified_gmt":"2024-05-31T08:14:24","slug":"what-we-achieve-sk","status":"publish","type":"page","link":"https:\/\/fucin-erasmusplus.eu\/index.php\/sk\/what-we-achieve-sk\/","title":{"rendered":"Vzdel\u00e1vac\u00ed materi\u00e1l o zelenej dohode"},"content":{"rendered":"\t\t<div data-elementor-type=\"wp-page\" data-elementor-id=\"327\" class=\"elementor elementor-327\">\n\t\t\t\t\t\t\t<div class=\"elementor-element elementor-element-040825d e-flex e-con-boxed e-con e-parent\" data-id=\"040825d\" data-element_type=\"container\" data-settings=\"{&quot;content_width&quot;:&quot;boxed&quot;}\" data-core-v316-plus=\"true\">\n\t\t\t\t\t<div class=\"e-con-inner\">\n\t\t\t\t<div class=\"elementor-element elementor-element-865d2a0 elementor-widget elementor-widget-heading\" data-id=\"865d2a0\" data-element_type=\"widget\" data-widget_type=\"heading.default\">\n\t\t\t\t<div class=\"elementor-widget-container\">\n\t\t\t<style>\/*! elementor - v3.18.0 - 20-12-2023 *\/\n.elementor-heading-title{padding:0;margin:0;line-height:1}.elementor-widget-heading .elementor-heading-title[class*=elementor-size-]>a{color:inherit;font-size:inherit;line-height:inherit}.elementor-widget-heading .elementor-heading-title.elementor-size-small{font-size:15px}.elementor-widget-heading .elementor-heading-title.elementor-size-medium{font-size:19px}.elementor-widget-heading .elementor-heading-title.elementor-size-large{font-size:29px}.elementor-widget-heading .elementor-heading-title.elementor-size-xl{font-size:39px}.elementor-widget-heading .elementor-heading-title.elementor-size-xxl{font-size:59px}<\/style><h2 class=\"elementor-heading-title elementor-size-default\">Vzdel\u00e1vacie materi\u00e1ly Eur\u00f3pskej zelenej dohody<\/h2>\t\t<\/div>\n\t\t\t\t<\/div>\n\t\t\t\t<div class=\"elementor-element elementor-element-9de6d2c elementor-widget elementor-widget-text-editor\" data-id=\"9de6d2c\" data-element_type=\"widget\" data-widget_type=\"text-editor.default\">\n\t\t\t\t<div class=\"elementor-widget-container\">\n\t\t\t<style>\/*! elementor - v3.18.0 - 20-12-2023 *\/\n.elementor-widget-text-editor.elementor-drop-cap-view-stacked .elementor-drop-cap{background-color:#69727d;color:#fff}.elementor-widget-text-editor.elementor-drop-cap-view-framed .elementor-drop-cap{color:#69727d;border:3px solid;background-color:transparent}.elementor-widget-text-editor:not(.elementor-drop-cap-view-default) .elementor-drop-cap{margin-top:8px}.elementor-widget-text-editor:not(.elementor-drop-cap-view-default) .elementor-drop-cap-letter{width:1em;height:1em}.elementor-widget-text-editor .elementor-drop-cap{float:left;text-align:center;line-height:1;font-size:50px}.elementor-widget-text-editor .elementor-drop-cap-letter{display:inline-block}<\/style>\t\t\t\t<p>Tieto vzdel\u00e1vacie materi\u00e1ly boli vytvoren\u00e9 s cie\u013eom predstavi\u0165 nov\u00fa eur\u00f3psku strat\u00e9giu rastu s n\u00e1zvom Eur\u00f3pska zelen\u00e1 dohoda. Eur\u00f3pska zelen\u00e1 dohoda (EGD) je pl\u00e1n E\u00da na dosiahnutie udr\u017eate\u013en\u00e9ho eur\u00f3pskeho hospod\u00e1rstva premenou klimatick\u00fdch a environment\u00e1lnych v\u00fdziev na pr\u00edle\u017eitosti a spravodliv\u00fdm a inkluz\u00edvnym prechodom pre v\u0161etk\u00fdch.<\/p><p><strong>Ak sa chcete dozvedie\u0165 viac o v\u00edzii, ktor\u00e1 priprav\u00ed Eur\u00f3pu na to, aby bola do roku 2050 prv\u00fdm klimaticky neutr\u00e1lnym kontinentom, tieto materi\u00e1ly s\u00fa ur\u010den\u00e9 pr\u00e1ve v\u00e1m!<\/strong><\/p>\t\t\t\t\t\t<\/div>\n\t\t\t\t<\/div>\n\t\t\t\t<div class=\"elementor-element elementor-element-19d0cb2 elementor-widget elementor-widget-heading\" data-id=\"19d0cb2\" data-element_type=\"widget\" data-widget_type=\"heading.default\">\n\t\t\t\t<div class=\"elementor-widget-container\">\n\t\t\t<h2 class=\"elementor-heading-title elementor-size-default\">Green New Deal \u2013 \u00favod<\/h2>\t\t<\/div>\n\t\t\t\t<\/div>\n\t\t\t\t<div class=\"elementor-element elementor-element-e78baca elementor-align-center elementor-widget elementor-widget-button\" data-id=\"e78baca\" data-element_type=\"widget\" data-widget_type=\"button.default\">\n\t\t\t\t<div class=\"elementor-widget-container\">\n\t\t\t\t\t<div class=\"elementor-button-wrapper\">\n\t\t\t<a class=\"elementor-button elementor-button-link elementor-size-md\" href=\"https:\/\/fucin-erasmusplus.eu\/GREEN_DEAL\/res\/\">\n\t\t\t\t\t\t<span class=\"elementor-button-content-wrapper\">\n\t\t\t\t\t\t<span class=\"elementor-button-text\">Prezent\u00e1cia Green Deal<\/span>\n\t\t<\/span>\n\t\t\t\t\t<\/a>\n\t\t<\/div>\n\t\t\t\t<\/div>\n\t\t\t\t<\/div>\n\t\t\t\t\t<\/div>\n\t\t\t\t<\/div>\n\t\t\t\t\t\t\t<\/div>\n\t\t","protected":false},"excerpt":{"rendered":"<p>34&nbsp;\/&nbsp;5.000 Risultati della traduzione Risultato di traduzione Vzdel\u00e1vac\u00ed materi\u00e1l o zelenej dohode Vzdel\u00e1vacie materi\u00e1ly Eur\u00f3pskej zelenej dohody Tieto vzdel\u00e1vacie materi\u00e1ly boli vytvoren\u00e9 s cie\u013eom predstavi\u0165 nov\u00fa eur\u00f3psku strat\u00e9giu rastu s n\u00e1zvom Eur\u00f3pska zelen\u00e1 dohoda. Eur\u00f3pska zelen\u00e1 dohoda (EGD) je pl\u00e1n E\u00da na dosiahnutie udr\u017eate\u013en\u00e9ho eur\u00f3pskeho hospod\u00e1rstva premenou klimatick\u00fdch a environment\u00e1lnych v\u00fdziev na pr\u00edle\u017eitosti a spravodliv\u00fdm [&hellip;]<\/p>\n","protected":false},"author":2,"featured_media":0,"parent":0,"menu_order":0,"comment_status":"closed","ping_status":"closed","template":"","meta":{"footnotes":""},"class_list":["post-327","page","type-page","status-publish","hentry","entry"],"_links":{"self":[{"href":"https:\/\/fucin-erasmusplus.eu\/index.php\/wp-json\/wp\/v2\/pages\/327","targetHints":{"allow":["GET"]}}],"collection":[{"href":"https:\/\/fucin-erasmusplus.eu\/index.php\/wp-json\/wp\/v2\/pages"}],"about":[{"href":"https:\/\/fucin-erasmusplus.eu\/index.php\/wp-json\/wp\/v2\/types\/page"}],"author":[{"embeddable":true,"href":"https:\/\/fucin-erasmusplus.eu\/index.php\/wp-json\/wp\/v2\/users\/2"}],"replies":[{"embeddable":true,"href":"https:\/\/fucin-erasmusplus.eu\/index.php\/wp-json\/wp\/v2\/comments?post=327"}],"version-history":[{"count":5,"href":"https:\/\/fucin-erasmusplus.eu\/index.php\/wp-json\/wp\/v2\/pages\/327\/revisions"}],"predecessor-version":[{"id":830,"href":"https:\/\/fucin-erasmusplus.eu\/index.php\/wp-json\/wp\/v2\/pages\/327\/revisions\/830"}],"wp:attachment":[{"href":"https:\/\/fucin-erasmusplus.eu\/index.php\/wp-json\/wp\/v2\/media?parent=327"}],"curies":[{"name":"wp","href":"https:\/\/api.w.org\/{rel}","templated":true}]}}