{"id":335,"date":"2024-01-18T11:48:27","date_gmt":"2024-01-18T10:48:27","guid":{"rendered":"https:\/\/fucin-erasmusplus.eu\/?page_id=335"},"modified":"2024-01-30T12:13:17","modified_gmt":"2024-01-30T11:13:17","slug":"who-we-are-italiano","status":"publish","type":"page","link":"https:\/\/fucin-erasmusplus.eu\/index.php\/it\/who-we-are-italiano\/","title":{"rendered":"Chi siamo"},"content":{"rendered":"\t\t<div data-elementor-type=\"wp-page\" data-elementor-id=\"335\" class=\"elementor elementor-335\">\n\t\t\t\t\t\t\t<div class=\"elementor-element elementor-element-a4f311c e-flex e-con-boxed e-con e-parent\" data-id=\"a4f311c\" data-element_type=\"container\" data-settings=\"{&quot;content_width&quot;:&quot;boxed&quot;}\" data-core-v316-plus=\"true\">\n\t\t\t\t\t<div class=\"e-con-inner\">\n\t\t\t\t<div class=\"elementor-element elementor-element-482e32b elementor-widget elementor-widget-heading\" data-id=\"482e32b\" data-element_type=\"widget\" data-widget_type=\"heading.default\">\n\t\t\t\t<div class=\"elementor-widget-container\">\n\t\t\t<style>\/*! elementor - v3.18.0 - 20-12-2023 *\/\n.elementor-heading-title{padding:0;margin:0;line-height:1}.elementor-widget-heading .elementor-heading-title[class*=elementor-size-]>a{color:inherit;font-size:inherit;line-height:inherit}.elementor-widget-heading .elementor-heading-title.elementor-size-small{font-size:15px}.elementor-widget-heading .elementor-heading-title.elementor-size-medium{font-size:19px}.elementor-widget-heading .elementor-heading-title.elementor-size-large{font-size:29px}.elementor-widget-heading .elementor-heading-title.elementor-size-xl{font-size:39px}.elementor-widget-heading .elementor-heading-title.elementor-size-xxl{font-size:59px}<\/style><h2 class=\"elementor-heading-title elementor-size-medium\">Un punto di forza del progetto FuCIn \u00e8 la composizione del suo consorzio, ben bilanciato con competenze complementari per organizzare, implementare e realizzare con successo tutte le attivit\u00e0 previste. I partner di FuCIn rappresentano il fulcro dell\u2019anima di impegno civico del progetto, nell\u2019attuazione dell\u2019impegno collaborativo degli studenti come cittadini attivi e dei Comuni come istituzioni aperte e collaborative.<\/h2>\t\t<\/div>\n\t\t\t\t<\/div>\n\t\t\t\t<div class=\"elementor-element elementor-element-eb43f45 elementor-widget elementor-widget-text-editor\" data-id=\"eb43f45\" data-element_type=\"widget\" data-widget_type=\"text-editor.default\">\n\t\t\t\t<div class=\"elementor-widget-container\">\n\t\t\t<style>\/*! elementor - v3.18.0 - 20-12-2023 *\/\n.elementor-widget-text-editor.elementor-drop-cap-view-stacked .elementor-drop-cap{background-color:#69727d;color:#fff}.elementor-widget-text-editor.elementor-drop-cap-view-framed .elementor-drop-cap{color:#69727d;border:3px solid;background-color:transparent}.elementor-widget-text-editor:not(.elementor-drop-cap-view-default) .elementor-drop-cap{margin-top:8px}.elementor-widget-text-editor:not(.elementor-drop-cap-view-default) .elementor-drop-cap-letter{width:1em;height:1em}.elementor-widget-text-editor .elementor-drop-cap{float:left;text-align:center;line-height:1;font-size:50px}.elementor-widget-text-editor .elementor-drop-cap-letter{display:inline-block}<\/style>\t\t\t\t<p>7 diversi partner appartenenti a tre diversi paesi (Italia, Turchia e Slovacchia) collaboreranno strettamente per raggiungere gli obiettivi fissati dal progetto FUCIN.<\/p>\t\t\t\t\t\t<\/div>\n\t\t\t\t<\/div>\n\t\t\t\t\t<\/div>\n\t\t\t\t<\/div>\n\t\t<div class=\"elementor-element elementor-element-4d7e8cf e-flex e-con-boxed e-con e-parent\" data-id=\"4d7e8cf\" data-element_type=\"container\" data-settings=\"{&quot;content_width&quot;:&quot;boxed&quot;}\" data-core-v316-plus=\"true\">\n\t\t\t\t\t<div class=\"e-con-inner\">\n\t\t<div class=\"elementor-element elementor-element-04d71f7 e-con-full e-flex e-con e-child\" data-id=\"04d71f7\" data-element_type=\"container\" data-settings=\"{&quot;content_width&quot;:&quot;full&quot;}\">\n\t\t\t\t<div class=\"elementor-element elementor-element-27beaed elementor-widget__width-initial elementor-widget elementor-widget-image\" data-id=\"27beaed\" data-element_type=\"widget\" data-widget_type=\"image.default\">\n\t\t\t\t<div class=\"elementor-widget-container\">\n\t\t\t<style>\/*! elementor - v3.18.0 - 20-12-2023 *\/\n.elementor-widget-image{text-align:center}.elementor-widget-image a{display:inline-block}.elementor-widget-image a img[src$=\".svg\"]{width:48px}.elementor-widget-image img{vertical-align:middle;display:inline-block}<\/style>\t\t\t\t\t\t\t\t\t\t\t\t\t<a href=\"https:\/\/www.cnr.it\">\n\t\t\t\t\t\t\t<img decoding=\"async\" width=\"150\" height=\"150\" src=\"https:\/\/fucin-erasmusplus.eu\/wp-content\/uploads\/2024\/01\/Unknown-150x150.png\" class=\"attachment-thumbnail size-thumbnail wp-image-139\" alt=\"\" srcset=\"https:\/\/fucin-erasmusplus.eu\/wp-content\/uploads\/2024\/01\/Unknown-150x150.png 150w, https:\/\/fucin-erasmusplus.eu\/wp-content\/uploads\/2024\/01\/Unknown.png 225w\" sizes=\"(max-width: 150px) 100vw, 150px\" \/>\t\t\t\t\t\t\t\t<\/a>\n\t\t\t\t\t\t\t\t\t\t\t\t\t\t\t<\/div>\n\t\t\t\t<\/div>\n\t\t\t\t<\/div>\n\t\t<div class=\"elementor-element elementor-element-339a4a0 e-con-full e-flex e-con e-child\" data-id=\"339a4a0\" data-element_type=\"container\" data-settings=\"{&quot;content_width&quot;:&quot;full&quot;}\">\n\t\t\t\t<div class=\"elementor-element elementor-element-0ae2f05 elementor-widget elementor-widget-text-editor\" data-id=\"0ae2f05\" data-element_type=\"widget\" data-widget_type=\"text-editor.default\">\n\t\t\t\t<div class=\"elementor-widget-container\">\n\t\t\t\t\t\t\t<p>Il Consiglio Nazionale delle Ricerche (CNR) \u00e8 il pi\u00f9 grande ente pubblico di ricerca in Italia, con l&#8217;<a href=\"https:\/\/www.cnr.it\"><strong>Istituto per la BioEconomia<\/strong> <\/a>(IBE) coinvolto nel progetto, ha una forte interdisciplinariet\u00e0 e un eccellente valore e risorse progettuali. La missione di IBE \u00e8 lavorare nel settore dell\u2019istruzione e della formazione, per supportare la definizione di strategie di mitigazione e adattamento ai cambiamenti globali, valorizzazione della biodiversit\u00e0 e sviluppo di sistemi sostenibili per l\u2019utilizzo delle biorisorse per l\u2019alimentazione, l\u2019industria manifatturiera, l\u2019edilizia e l\u2019energia.<\/p>\t\t\t\t\t\t<\/div>\n\t\t\t\t<\/div>\n\t\t\t\t<\/div>\n\t\t<div class=\"elementor-element elementor-element-ee22c94 e-con-full e-flex e-con e-child\" data-id=\"ee22c94\" data-element_type=\"container\" data-settings=\"{&quot;content_width&quot;:&quot;full&quot;}\">\n\t\t\t\t<div class=\"elementor-element elementor-element-485d033 elementor-widget__width-initial elementor-widget elementor-widget-image\" data-id=\"485d033\" data-element_type=\"widget\" data-widget_type=\"image.default\">\n\t\t\t\t<div class=\"elementor-widget-container\">\n\t\t\t\t\t\t\t\t\t\t\t\t\t\t\t\t<a href=\"http:\/\/www.trochuinak.sk\">\n\t\t\t\t\t\t\t<img decoding=\"async\" width=\"150\" height=\"150\" src=\"https:\/\/fucin-erasmusplus.eu\/wp-content\/uploads\/2024\/01\/logo-PNG_INAK-150x150.png\" class=\"attachment-thumbnail size-thumbnail wp-image-140\" alt=\"\" \/>\t\t\t\t\t\t\t\t<\/a>\n\t\t\t\t\t\t\t\t\t\t\t\t\t\t\t<\/div>\n\t\t\t\t<\/div>\n\t\t\t\t<\/div>\n\t\t<div class=\"elementor-element elementor-element-b823ced e-con-full e-flex e-con e-child\" data-id=\"b823ced\" data-element_type=\"container\" data-settings=\"{&quot;content_width&quot;:&quot;full&quot;}\">\n\t\t\t\t<div class=\"elementor-element elementor-element-2cb20ee elementor-widget__width-initial elementor-widget elementor-widget-text-editor\" data-id=\"2cb20ee\" data-element_type=\"widget\" data-widget_type=\"text-editor.default\">\n\t\t\t\t<div class=\"elementor-widget-container\">\n\t\t\t\t\t\t\t<p><a href=\"http:\/\/www.trochuinak.sk\"><strong>INAK<\/strong><\/a> \u00e8 una ONG, con sede in Slovacchia, ha l\u2019obiettivo di sviluppare e formare le competenze chiave degli studenti attraverso la attivit\u00e0 di supporto educativo a vari gruppi target: bambini, giovani e adulti. INAK sostiene i principi dell&#8217;apprendimento permanente, della protezione della natura e dell&#8217;ambiente, nonch\u00e9 dell&#8217;apprendimento all&#8217;aperto e della costruzione di relazioni con il patrimonio naturale e culturale.<\/p>\t\t\t\t\t\t<\/div>\n\t\t\t\t<\/div>\n\t\t\t\t<\/div>\n\t\t\t\t\t<\/div>\n\t\t\t\t<\/div>\n\t\t<div class=\"elementor-element elementor-element-058f8bc e-flex e-con-boxed e-con e-parent\" data-id=\"058f8bc\" data-element_type=\"container\" data-settings=\"{&quot;content_width&quot;:&quot;boxed&quot;}\" data-core-v316-plus=\"true\">\n\t\t\t\t\t<div class=\"e-con-inner\">\n\t\t<div class=\"elementor-element elementor-element-6f9a745 e-con-full e-flex e-con e-child\" data-id=\"6f9a745\" data-element_type=\"container\" data-settings=\"{&quot;content_width&quot;:&quot;full&quot;}\">\n\t\t\t\t<div class=\"elementor-element elementor-element-d5b7f05 elementor-widget elementor-widget-spacer\" data-id=\"d5b7f05\" data-element_type=\"widget\" data-widget_type=\"spacer.default\">\n\t\t\t\t<div class=\"elementor-widget-container\">\n\t\t\t<style>\/*! elementor - v3.18.0 - 20-12-2023 *\/\n.elementor-column .elementor-spacer-inner{height:var(--spacer-size)}.e-con{--container-widget-width:100%}.e-con-inner>.elementor-widget-spacer,.e-con>.elementor-widget-spacer{width:var(--container-widget-width,var(--spacer-size));--align-self:var(--container-widget-align-self,initial);--flex-shrink:0}.e-con-inner>.elementor-widget-spacer>.elementor-widget-container,.e-con>.elementor-widget-spacer>.elementor-widget-container{height:100%;width:100%}.e-con-inner>.elementor-widget-spacer>.elementor-widget-container>.elementor-spacer,.e-con>.elementor-widget-spacer>.elementor-widget-container>.elementor-spacer{height:100%}.e-con-inner>.elementor-widget-spacer>.elementor-widget-container>.elementor-spacer>.elementor-spacer-inner,.e-con>.elementor-widget-spacer>.elementor-widget-container>.elementor-spacer>.elementor-spacer-inner{height:var(--container-widget-height,var(--spacer-size))}.e-con-inner>.elementor-widget-spacer.elementor-widget-empty,.e-con>.elementor-widget-spacer.elementor-widget-empty{position:relative;min-height:22px;min-width:22px}.e-con-inner>.elementor-widget-spacer.elementor-widget-empty .elementor-widget-empty-icon,.e-con>.elementor-widget-spacer.elementor-widget-empty .elementor-widget-empty-icon{position:absolute;top:0;bottom:0;left:0;right:0;margin:auto;padding:0;width:22px;height:22px}<\/style>\t\t<div class=\"elementor-spacer\">\n\t\t\t<div class=\"elementor-spacer-inner\"><\/div>\n\t\t<\/div>\n\t\t\t\t<\/div>\n\t\t\t\t<\/div>\n\t\t\t\t<div class=\"elementor-element elementor-element-815e751 elementor-widget__width-initial elementor-widget elementor-widget-image\" data-id=\"815e751\" data-element_type=\"widget\" data-widget_type=\"image.default\">\n\t\t\t\t<div class=\"elementor-widget-container\">\n\t\t\t\t\t\t\t\t\t\t\t\t\t\t\t\t<a href=\"http:\/\/www.k12.org.tr\">\n\t\t\t\t\t\t\t<img fetchpriority=\"high\" decoding=\"async\" width=\"462\" height=\"226\" src=\"https:\/\/fucin-erasmusplus.eu\/wp-content\/uploads\/2024\/01\/vakifk12_logo.png\" class=\"attachment-large size-large wp-image-143\" alt=\"\" srcset=\"https:\/\/fucin-erasmusplus.eu\/wp-content\/uploads\/2024\/01\/vakifk12_logo.png 462w, https:\/\/fucin-erasmusplus.eu\/wp-content\/uploads\/2024\/01\/vakifk12_logo-300x147.png 300w\" sizes=\"(max-width: 462px) 100vw, 462px\" \/>\t\t\t\t\t\t\t\t<\/a>\n\t\t\t\t\t\t\t\t\t\t\t\t\t\t\t<\/div>\n\t\t\t\t<\/div>\n\t\t\t\t<\/div>\n\t\t<div class=\"elementor-element elementor-element-bf2a3e3 e-con-full e-flex e-con e-child\" data-id=\"bf2a3e3\" data-element_type=\"container\" data-settings=\"{&quot;content_width&quot;:&quot;full&quot;}\">\n\t\t\t\t<div class=\"elementor-element elementor-element-fa15354 elementor-widget elementor-widget-text-editor\" data-id=\"fa15354\" data-element_type=\"widget\" data-widget_type=\"text-editor.default\">\n\t\t\t\t<div class=\"elementor-widget-container\">\n\t\t\t\t\t\t\t<p><a href=\"http:\/\/www.k12.org.tr\"><strong>Vakif K12 SCHOOL<\/strong><\/a> \u00e8 un&#8217;organizzazione non governativa e senza scopo di lucro, con sede in Turchia, fondata nel 2000 con l&#8217;obiettivo di gestire una nuova idea di scuola per studenti e insegnanti del nuovo millennio: organizzazione basata sul web di tutti i processi di apprendimento basati sulla gestione e sull&#8217;acquisizione di corsi di scuola con unit\u00e0 didattiche che combinano discipline scientifiche-tecnologiche-ingegneristiche matematiche per un vero e proprio aggiornamento delle competenze STEM.<\/p>\t\t\t\t\t\t<\/div>\n\t\t\t\t<\/div>\n\t\t\t\t<\/div>\n\t\t<div class=\"elementor-element elementor-element-3e165fa e-con-full e-flex e-con e-child\" data-id=\"3e165fa\" data-element_type=\"container\" data-settings=\"{&quot;content_width&quot;:&quot;full&quot;}\">\n\t\t\t\t<div class=\"elementor-element elementor-element-8b15a34 elementor-widget elementor-widget-image\" data-id=\"8b15a34\" data-element_type=\"widget\" data-widget_type=\"image.default\">\n\t\t\t\t<div class=\"elementor-widget-container\">\n\t\t\t\t\t\t\t\t\t\t\t\t\t\t\t\t<a href=\"https:\/\/www.ittmarcopolo.edu.it\">\n\t\t\t\t\t\t\t<img loading=\"lazy\" decoding=\"async\" width=\"271\" height=\"186\" src=\"https:\/\/fucin-erasmusplus.eu\/wp-content\/uploads\/2024\/01\/marcopolo.jpeg\" class=\"attachment-large size-large wp-image-144\" alt=\"\" \/>\t\t\t\t\t\t\t\t<\/a>\n\t\t\t\t\t\t\t\t\t\t\t\t\t\t\t<\/div>\n\t\t\t\t<\/div>\n\t\t\t\t<\/div>\n\t\t<div class=\"elementor-element elementor-element-7e508fa e-con-full e-flex e-con e-child\" data-id=\"7e508fa\" data-element_type=\"container\" data-settings=\"{&quot;content_width&quot;:&quot;full&quot;}\">\n\t\t\t\t<div class=\"elementor-element elementor-element-5eb6a1c elementor-widget elementor-widget-text-editor\" data-id=\"5eb6a1c\" data-element_type=\"widget\" data-widget_type=\"text-editor.default\">\n\t\t\t\t<div class=\"elementor-widget-container\">\n\t\t\t\t\t\t\t<p><a href=\"https:\/\/www.ittmarcopolo.edu.it\"><strong>ITT Marco Polo<\/strong><\/a> \u00e8 un istituto tecnico secondario superiore pubblico con sede a Firenze (Italia), che propone un piano di studi formativo specifico orientato a preparare i giovani studenti a lavorare nel settore professionale del turismo. Offre anche preparazione allo studio come scuola secondaria linguistica.<\/p>\t\t\t\t\t\t<\/div>\n\t\t\t\t<\/div>\n\t\t\t\t<\/div>\n\t\t\t\t\t<\/div>\n\t\t\t\t<\/div>\n\t\t<div class=\"elementor-element elementor-element-740e7b0 e-flex e-con-boxed e-con e-parent\" data-id=\"740e7b0\" data-element_type=\"container\" data-settings=\"{&quot;content_width&quot;:&quot;boxed&quot;}\" data-core-v316-plus=\"true\">\n\t\t\t\t\t<div class=\"e-con-inner\">\n\t\t<div class=\"elementor-element elementor-element-8030544 e-con-full e-flex e-con e-child\" data-id=\"8030544\" data-element_type=\"container\" data-settings=\"{&quot;content_width&quot;:&quot;full&quot;}\">\n\t\t\t\t<div class=\"elementor-element elementor-element-f279f67 elementor-widget__width-initial elementor-widget elementor-widget-image\" data-id=\"f279f67\" data-element_type=\"widget\" data-widget_type=\"image.default\">\n\t\t\t\t<div class=\"elementor-widget-container\">\n\t\t\t\t\t\t\t\t\t\t\t\t\t\t\t\t<a href=\"https:\/\/www.comune.calenzano.fi.it\/it\">\n\t\t\t\t\t\t\t<img loading=\"lazy\" decoding=\"async\" width=\"150\" height=\"150\" src=\"https:\/\/fucin-erasmusplus.eu\/wp-content\/uploads\/2024\/01\/Screenshot-2024-01-12-alle-16.48.01-150x150.png\" class=\"attachment-thumbnail size-thumbnail wp-image-147\" alt=\"\" \/>\t\t\t\t\t\t\t\t<\/a>\n\t\t\t\t\t\t\t\t\t\t\t\t\t\t\t<\/div>\n\t\t\t\t<\/div>\n\t\t\t\t<\/div>\n\t\t<div class=\"elementor-element elementor-element-87b6a24 e-con-full e-flex e-con e-child\" data-id=\"87b6a24\" data-element_type=\"container\" data-settings=\"{&quot;content_width&quot;:&quot;full&quot;}\">\n\t\t\t\t<div class=\"elementor-element elementor-element-03ab88b elementor-widget elementor-widget-text-editor\" data-id=\"03ab88b\" data-element_type=\"widget\" data-widget_type=\"text-editor.default\">\n\t\t\t\t<div class=\"elementor-widget-container\">\n\t\t\t\t\t\t\t<p>Il <a href=\"https:\/\/www.comune.calenzano.fi.it\/it\"><strong>Comune di Calenzano<\/strong> <\/a>\u00e8 situato in Tiscana (Italia) ed ha una superficie totale di 76,97 kmq. L\u2019amministrazione comunale, da diversi anni, persegue una strategia congiunta di governo delle risorse territoriali e di sviluppo locale, finalizzata alla tutela attiva e alla valorizzazione sostenibile del territorio rurale e periurbano.<\/p>\t\t\t\t\t\t<\/div>\n\t\t\t\t<\/div>\n\t\t\t\t<\/div>\n\t\t<div class=\"elementor-element elementor-element-5c8f96b e-con-full e-flex e-con e-child\" data-id=\"5c8f96b\" data-element_type=\"container\" data-settings=\"{&quot;content_width&quot;:&quot;full&quot;}\">\n\t\t\t\t<div class=\"elementor-element elementor-element-32c69fd elementor-widget elementor-widget-image\" data-id=\"32c69fd\" data-element_type=\"widget\" data-widget_type=\"image.default\">\n\t\t\t\t<div class=\"elementor-widget-container\">\n\t\t\t\t\t\t\t\t\t\t\t\t\t\t\t\t<a href=\"https:\/\/www.bilimcedernegi.com\">\n\t\t\t\t\t\t\t<img loading=\"lazy\" decoding=\"async\" width=\"1024\" height=\"1024\" src=\"https:\/\/fucin-erasmusplus.eu\/wp-content\/uploads\/2024\/01\/Bilimce-Derneg_i-Logo-1-1024x1024.png\" class=\"attachment-large size-large wp-image-151\" alt=\"\" srcset=\"https:\/\/fucin-erasmusplus.eu\/wp-content\/uploads\/2024\/01\/Bilimce-Derneg_i-Logo-1-1024x1024.png 1024w, https:\/\/fucin-erasmusplus.eu\/wp-content\/uploads\/2024\/01\/Bilimce-Derneg_i-Logo-1-300x300.png 300w, https:\/\/fucin-erasmusplus.eu\/wp-content\/uploads\/2024\/01\/Bilimce-Derneg_i-Logo-1-150x150.png 150w, https:\/\/fucin-erasmusplus.eu\/wp-content\/uploads\/2024\/01\/Bilimce-Derneg_i-Logo-1-768x768.png 768w, https:\/\/fucin-erasmusplus.eu\/wp-content\/uploads\/2024\/01\/Bilimce-Derneg_i-Logo-1-600x600.png 600w, https:\/\/fucin-erasmusplus.eu\/wp-content\/uploads\/2024\/01\/Bilimce-Derneg_i-Logo-1.png 1500w\" sizes=\"(max-width: 1024px) 100vw, 1024px\" \/>\t\t\t\t\t\t\t\t<\/a>\n\t\t\t\t\t\t\t\t\t\t\t\t\t\t\t<\/div>\n\t\t\t\t<\/div>\n\t\t\t\t<\/div>\n\t\t<div class=\"elementor-element elementor-element-cef319d e-con-full e-flex e-con e-child\" data-id=\"cef319d\" data-element_type=\"container\" data-settings=\"{&quot;content_width&quot;:&quot;full&quot;}\">\n\t\t\t\t<div class=\"elementor-element elementor-element-27d0764 elementor-widget elementor-widget-text-editor\" data-id=\"27d0764\" data-element_type=\"widget\" data-widget_type=\"text-editor.default\">\n\t\t\t\t<div class=\"elementor-widget-container\">\n\t\t\t\t\t\t\t<p>L&#8217;<a href=\"https:\/\/www.bilimcedernegi.com\"><strong>Associazione Bilimce<\/strong><\/a>, con sede in Turchia, \u00e8 stata fondata con l&#8217;obiettivo di sviluppare, implementare e diffondere risultati e politiche nei campi del cambiamento climatico e della sostenibilit\u00e0, per aumentare la consapevolezza in quelle aree. L&#8217;Associazione Bilimce raggruppa politici, stakeholder e universit\u00e0 e conduce studi di sensibilizzazione sull&#8217;impatto delle azioni delle pubbliche amministrazioni per il benessere dei cittadini.<\/p>\t\t\t\t\t\t<\/div>\n\t\t\t\t<\/div>\n\t\t\t\t<\/div>\n\t\t\t\t\t<\/div>\n\t\t\t\t<\/div>\n\t\t<div class=\"elementor-element elementor-element-9183383 e-flex e-con-boxed e-con e-parent\" data-id=\"9183383\" data-element_type=\"container\" data-settings=\"{&quot;content_width&quot;:&quot;boxed&quot;}\" data-core-v316-plus=\"true\">\n\t\t\t\t\t<div class=\"e-con-inner\">\n\t\t<div class=\"elementor-element elementor-element-0d73588 e-con-full e-flex e-con e-child\" data-id=\"0d73588\" data-element_type=\"container\" data-settings=\"{&quot;content_width&quot;:&quot;full&quot;}\">\n\t\t\t\t<div class=\"elementor-element elementor-element-cea8266 elementor-widget elementor-widget-spacer\" data-id=\"cea8266\" data-element_type=\"widget\" data-widget_type=\"spacer.default\">\n\t\t\t\t<div class=\"elementor-widget-container\">\n\t\t\t\t\t<div class=\"elementor-spacer\">\n\t\t\t<div class=\"elementor-spacer-inner\"><\/div>\n\t\t<\/div>\n\t\t\t\t<\/div>\n\t\t\t\t<\/div>\n\t\t\t\t<div class=\"elementor-element elementor-element-57e80be elementor-widget elementor-widget-image\" data-id=\"57e80be\" data-element_type=\"widget\" data-widget_type=\"image.default\">\n\t\t\t\t<div class=\"elementor-widget-container\">\n\t\t\t\t\t\t\t\t\t\t\t\t\t\t\t<img loading=\"lazy\" decoding=\"async\" width=\"958\" height=\"320\" src=\"https:\/\/fucin-erasmusplus.eu\/wp-content\/uploads\/2024\/01\/Screenshot-2024-01-12-alle-16.58.15.png\" class=\"attachment-large size-large wp-image-156\" alt=\"\" srcset=\"https:\/\/fucin-erasmusplus.eu\/wp-content\/uploads\/2024\/01\/Screenshot-2024-01-12-alle-16.58.15.png 958w, https:\/\/fucin-erasmusplus.eu\/wp-content\/uploads\/2024\/01\/Screenshot-2024-01-12-alle-16.58.15-300x100.png 300w, https:\/\/fucin-erasmusplus.eu\/wp-content\/uploads\/2024\/01\/Screenshot-2024-01-12-alle-16.58.15-768x257.png 768w\" sizes=\"(max-width: 958px) 100vw, 958px\" \/>\t\t\t\t\t\t\t\t\t\t\t\t\t\t\t<\/div>\n\t\t\t\t<\/div>\n\t\t\t\t<\/div>\n\t\t<div class=\"elementor-element elementor-element-3e52a22 e-con-full e-flex e-con e-child\" data-id=\"3e52a22\" data-element_type=\"container\" data-settings=\"{&quot;content_width&quot;:&quot;full&quot;}\">\n\t\t\t\t<div class=\"elementor-element elementor-element-05090a8 elementor-widget elementor-widget-text-editor\" data-id=\"05090a8\" data-element_type=\"widget\" data-widget_type=\"text-editor.default\">\n\t\t\t\t<div class=\"elementor-widget-container\">\n\t\t\t\t\t\t\t<p>L&#8217;<a href=\"https:\/\/www.marmara.gov.tr\"><strong>Unione dei Comuni di Marmara<\/strong><\/a> (MMU) \u00e8 la prima e la pi\u00f9 grande associazione di enti locali regionali in Turchia. Il centro della MMU si trova a Istanbul. MMU svolge attivit\u00e0 in settori quali ambiente, urbanizzazione, migrazione e coesione sociale, diplomazia locale, sviluppo economico locale, resilienza, tecnologia urbana e innovazione.\u200b<\/p>\t\t\t\t\t\t<\/div>\n\t\t\t\t<\/div>\n\t\t\t\t<\/div>\n\t\t\t\t\t<\/div>\n\t\t\t\t<\/div>\n\t\t\t\t\t\t\t<\/div>\n\t\t","protected":false},"excerpt":{"rendered":"<p>Un punto di forza del progetto FuCIn \u00e8 la composizione del suo consorzio, ben bilanciato con competenze complementari per organizzare, implementare e realizzare con successo tutte le attivit\u00e0 previste. I partner di FuCIn rappresentano il fulcro dell\u2019anima di impegno civico del progetto, nell\u2019attuazione dell\u2019impegno collaborativo degli studenti come cittadini attivi e dei Comuni come istituzioni [&hellip;]<\/p>\n","protected":false},"author":2,"featured_media":0,"parent":0,"menu_order":0,"comment_status":"closed","ping_status":"closed","template":"","meta":{"footnotes":""},"class_list":["post-335","page","type-page","status-publish","hentry","entry"],"_links":{"self":[{"href":"https:\/\/fucin-erasmusplus.eu\/index.php\/wp-json\/wp\/v2\/pages\/335","targetHints":{"allow":["GET"]}}],"collection":[{"href":"https:\/\/fucin-erasmusplus.eu\/index.php\/wp-json\/wp\/v2\/pages"}],"about":[{"href":"https:\/\/fucin-erasmusplus.eu\/index.php\/wp-json\/wp\/v2\/types\/page"}],"author":[{"embeddable":true,"href":"https:\/\/fucin-erasmusplus.eu\/index.php\/wp-json\/wp\/v2\/users\/2"}],"replies":[{"embeddable":true,"href":"https:\/\/fucin-erasmusplus.eu\/index.php\/wp-json\/wp\/v2\/comments?post=335"}],"version-history":[{"count":26,"href":"https:\/\/fucin-erasmusplus.eu\/index.php\/wp-json\/wp\/v2\/pages\/335\/revisions"}],"predecessor-version":[{"id":548,"href":"https:\/\/fucin-erasmusplus.eu\/index.php\/wp-json\/wp\/v2\/pages\/335\/revisions\/548"}],"wp:attachment":[{"href":"https:\/\/fucin-erasmusplus.eu\/index.php\/wp-json\/wp\/v2\/media?parent=335"}],"curies":[{"name":"wp","href":"https:\/\/api.w.org\/{rel}","templated":true}]}}